{"id":118,"date":"2013-11-22T23:55:21","date_gmt":"2013-11-22T21:55:21","guid":{"rendered":"http:\/\/prolight.ch.vasco.sui-inter.net\/?page_id=118"},"modified":"2013-11-22T23:55:21","modified_gmt":"2013-11-22T21:55:21","slug":"licht","status":"publish","type":"page","link":"https:\/\/prolight.ch\/?page_id=118","title":{"rendered":"Licht"},"content":{"rendered":"<h2>Ohne Licht ist jeder Anlass d\u00fcster<\/h2>\n<p>Mit der passenden und richtig eingesetzten Beleuchtung schaffen wir Eindr\u00fccke und das passende Ambiente. Professionell und fachm\u00e4nnisch beleuchten wir Ihren Anlass. Wir inszenieren Ihre Rede, Ihre Show oder Ihr Ausstellungsobjekt und setzen Ihre farblichen W\u00fcnsche um.<\/p>\n<ul>\n<li>Effektbeleuchtungen f\u00fcr Pr\u00e4sentationen, Messen, Shows, Theater usw.<\/li>\n<li>B\u00fchnenbeleuchtungen In- und Outdoor (bsp. f\u00fcr Open-Airs)<\/li>\n<li>Bewegtes Licht mit Scannern und Movinglights<\/li>\n<li>Scheinwerfer f\u00fcr Ausstellungen, Modeschauen, Messen etc.<\/li>\n<li>LED-W\u00e4nde, LED-Scheinwerfer, LED-Moving-Heads uvm. f\u00fcr stromsparende Hingucker<\/li>\n<li>Beleuchtung zum hervorheben von Geb\u00e4uden, Architektur, Details etc.<\/li>\n<\/ul>\n<p>Einen \u00dcberblick \u00fcber unsere Lichttechnik finden Sie in der Mietartikel-Preisliste im Download-Verzeichnis<\/p>\n","protected":false},"excerpt":{"rendered":"<p>Ohne Licht ist jeder Anlass d\u00fcster Mit der passenden und richtig eingesetzten Beleuchtung schaffen wir Eindr\u00fccke und das passende Ambiente. Professionell und fachm\u00e4nnisch beleuchten wir Ihren Anlass. Wir inszenieren Ihre Rede, Ihre Show oder Ihr Ausstellungsobjekt und setzen Ihre farblichen W\u00fcnsche um. Effektbeleuchtungen f\u00fcr Pr\u00e4sentationen, Messen, Shows, Theater usw. B\u00fchnenbeleuchtungen In- und Outdoor (bsp. f\u00fcr [&hellip;]<\/p>\n","protected":false},"author":1,"featured_media":0,"parent":0,"menu_order":0,"comment_status":"open","ping_status":"closed","template":"","meta":{"footnotes":""},"class_list":["post-118","page","type-page","status-publish","hentry"],"_links":{"self":[{"href":"https:\/\/prolight.ch\/index.php?rest_route=\/wp\/v2\/pages\/118","targetHints":{"allow":["GET"]}}],"collection":[{"href":"https:\/\/prolight.ch\/index.php?rest_route=\/wp\/v2\/pages"}],"about":[{"href":"https:\/\/prolight.ch\/index.php?rest_route=\/wp\/v2\/types\/page"}],"author":[{"embeddable":true,"href":"https:\/\/prolight.ch\/index.php?rest_route=\/wp\/v2\/users\/1"}],"replies":[{"embeddable":true,"href":"https:\/\/prolight.ch\/index.php?rest_route=%2Fwp%2Fv2%2Fcomments&post=118"}],"version-history":[{"count":1,"href":"https:\/\/prolight.ch\/index.php?rest_route=\/wp\/v2\/pages\/118\/revisions"}],"predecessor-version":[{"id":119,"href":"https:\/\/prolight.ch\/index.php?rest_route=\/wp\/v2\/pages\/118\/revisions\/119"}],"wp:attachment":[{"href":"https:\/\/prolight.ch\/index.php?rest_route=%2Fwp%2Fv2%2Fmedia&parent=118"}],"curies":[{"name":"wp","href":"https:\/\/api.w.org\/{rel}","templated":true}]}}